{"id":1555,"date":"2020-12-01T11:54:28","date_gmt":"2020-12-01T14:54:28","guid":{"rendered":"http:\/\/soyprofesorusach.usach.cl\/ped\/?page_id=1555"},"modified":"2022-04-27T17:34:25","modified_gmt":"2022-04-27T21:34:25","slug":"programa-gabriela-mistral","status":"publish","type":"page","link":"https:\/\/soyprofesor.usach.cl\/ped\/programa-gabriela-mistral\/","title":{"rendered":"Programa Gabriela Mistral"},"content":{"rendered":"\t\t<div data-elementor-type=\"wp-post\" data-elementor-id=\"1555\" class=\"elementor elementor-1555\" data-elementor-settings=\"[]\">\n\t\t\t\t\t\t<div class=\"elementor-inner\">\n\t\t\t\t\t\t\t<div class=\"elementor-section-wrap\">\n\t\t\t\t\t\t\t<section class=\"elementor-section elementor-top-section elementor-element elementor-element-dbf40fd elementor-section-boxed elementor-section-height-default elementor-section-height-default\" data-id=\"dbf40fd\" data-element_type=\"section\">\n\t\t\t\t\t\t<div class=\"elementor-container elementor-column-gap-default\">\n\t\t\t\t\t\t\t<div class=\"elementor-row\">\n\t\t\t\t\t<div class=\"elementor-column elementor-col-100 elementor-top-column elementor-element elementor-element-0086e1f\" data-id=\"0086e1f\" data-element_type=\"column\">\n\t\t\t<div class=\"elementor-column-wrap elementor-element-populated\">\n\t\t\t\t\t\t\t<div class=\"elementor-widget-wrap\">\n\t\t\t\t\t\t<div class=\"elementor-element elementor-element-ac7e227 elementor-widget elementor-widget-image\" data-id=\"ac7e227\" data-element_type=\"widget\" data-widget_type=\"image.default\">\n\t\t\t\t<div class=\"elementor-widget-container\">\n\t\t\t\t\t<div class=\"elementor-image\">\n\t\t\t\t\t\t\t\t\t\t<img loading=\"lazy\" decoding=\"async\" width=\"589\" height=\"274\" src=\"https:\/\/soyprofesor.usach.cl\/ped\/wp-content\/uploads\/2020\/12\/Imagen_profe3.jpg\" class=\"attachment-large size-large\" alt=\"\" srcset=\"https:\/\/soyprofesor.usach.cl\/ped\/wp-content\/uploads\/2020\/12\/Imagen_profe3.jpg 589w, https:\/\/soyprofesor.usach.cl\/ped\/wp-content\/uploads\/2020\/12\/Imagen_profe3-300x140.jpg 300w\" sizes=\"(max-width: 589px) 100vw, 589px\" \/>\t\t\t\t\t\t\t\t\t\t\t<\/div>\n\t\t\t\t<\/div>\n\t\t\t\t<\/div>\n\t\t\t\t\t\t<\/div>\n\t\t\t\t\t<\/div>\n\t\t<\/div>\n\t\t\t\t\t\t\t\t<\/div>\n\t\t\t\t\t<\/div>\n\t\t<\/section>\n\t\t\t\t<section class=\"elementor-section elementor-top-section elementor-element elementor-element-edfce43 elementor-section-boxed elementor-section-height-default elementor-section-height-default\" data-id=\"edfce43\" data-element_type=\"section\">\n\t\t\t\t\t\t<div class=\"elementor-container elementor-column-gap-default\">\n\t\t\t\t\t\t\t<div class=\"elementor-row\">\n\t\t\t\t\t<div class=\"elementor-column elementor-col-33 elementor-top-column elementor-element elementor-element-d587b68\" data-id=\"d587b68\" data-element_type=\"column\">\n\t\t\t<div class=\"elementor-column-wrap elementor-element-populated\">\n\t\t\t\t\t\t\t<div class=\"elementor-widget-wrap\">\n\t\t\t\t\t\t<div class=\"elementor-element elementor-element-5bf242a elementor-aspect-ratio-169 elementor-widget elementor-widget-video\" data-id=\"5bf242a\" data-element_type=\"widget\" data-settings=\"{&quot;video_type&quot;:&quot;hosted&quot;,&quot;controls&quot;:&quot;yes&quot;,&quot;aspect_ratio&quot;:&quot;169&quot;}\" data-widget_type=\"video.default\">\n\t\t\t\t<div class=\"elementor-widget-container\">\n\t\t\t\t\t<div class=\"e-hosted-video elementor-wrapper elementor-fit-aspect-ratio elementor-open-inline\">\n\t\t\t\t\t<video class=\"elementor-video\" src=\"http:\/\/soyprofesorusach.usach.cl\/ped\/wp-content\/uploads\/2022\/04\/PGM_1_ACC.mp4\" controls=\"\" controlsList=\"nodownload\"><\/video>\n\t\t\t\t<\/div>\n\t\t\t\t<\/div>\n\t\t\t\t<\/div>\n\t\t\t\t\t\t<\/div>\n\t\t\t\t\t<\/div>\n\t\t<\/div>\n\t\t\t\t<div class=\"elementor-column elementor-col-33 elementor-top-column elementor-element elementor-element-de05347\" data-id=\"de05347\" data-element_type=\"column\">\n\t\t\t<div class=\"elementor-column-wrap elementor-element-populated\">\n\t\t\t\t\t\t\t<div class=\"elementor-widget-wrap\">\n\t\t\t\t\t\t<div class=\"elementor-element elementor-element-94b48a8 elementor-aspect-ratio-169 elementor-widget elementor-widget-video\" data-id=\"94b48a8\" data-element_type=\"widget\" data-settings=\"{&quot;video_type&quot;:&quot;hosted&quot;,&quot;controls&quot;:&quot;yes&quot;,&quot;aspect_ratio&quot;:&quot;169&quot;}\" data-widget_type=\"video.default\">\n\t\t\t\t<div class=\"elementor-widget-container\">\n\t\t\t\t\t<div class=\"e-hosted-video elementor-wrapper elementor-fit-aspect-ratio elementor-open-inline\">\n\t\t\t\t\t<video class=\"elementor-video\" src=\"http:\/\/soyprofesorusach.usach.cl\/ped\/wp-content\/uploads\/2022\/04\/PGM_2_ACC.mp4\" controls=\"\" controlsList=\"nodownload\"><\/video>\n\t\t\t\t<\/div>\n\t\t\t\t<\/div>\n\t\t\t\t<\/div>\n\t\t\t\t\t\t<\/div>\n\t\t\t\t\t<\/div>\n\t\t<\/div>\n\t\t\t\t<div class=\"elementor-column elementor-col-33 elementor-top-column elementor-element elementor-element-d5120df\" data-id=\"d5120df\" data-element_type=\"column\">\n\t\t\t<div class=\"elementor-column-wrap elementor-element-populated\">\n\t\t\t\t\t\t\t<div class=\"elementor-widget-wrap\">\n\t\t\t\t\t\t<div class=\"elementor-element elementor-element-f1b1735 elementor-aspect-ratio-169 elementor-widget elementor-widget-video\" data-id=\"f1b1735\" data-element_type=\"widget\" data-settings=\"{&quot;video_type&quot;:&quot;hosted&quot;,&quot;controls&quot;:&quot;yes&quot;,&quot;aspect_ratio&quot;:&quot;169&quot;}\" data-widget_type=\"video.default\">\n\t\t\t\t<div class=\"elementor-widget-container\">\n\t\t\t\t\t<div class=\"e-hosted-video elementor-wrapper elementor-fit-aspect-ratio elementor-open-inline\">\n\t\t\t\t\t<video class=\"elementor-video\" src=\"http:\/\/soyprofesorusach.usach.cl\/ped\/wp-content\/uploads\/2022\/04\/PGM_TUTORIAL_LSCH_FINAL-1.mp4\" controls=\"\" controlsList=\"nodownload\"><\/video>\n\t\t\t\t<\/div>\n\t\t\t\t<\/div>\n\t\t\t\t<\/div>\n\t\t\t\t\t\t<\/div>\n\t\t\t\t\t<\/div>\n\t\t<\/div>\n\t\t\t\t\t\t\t\t<\/div>\n\t\t\t\t\t<\/div>\n\t\t<\/section>\n\t\t\t\t<section class=\"elementor-section elementor-top-section elementor-element elementor-element-503fa52 elementor-section-boxed elementor-section-height-default elementor-section-height-default\" data-id=\"503fa52\" data-element_type=\"section\">\n\t\t\t\t\t\t<div class=\"elementor-container elementor-column-gap-default\">\n\t\t\t\t\t\t\t<div class=\"elementor-row\">\n\t\t\t\t\t<div class=\"elementor-column elementor-col-100 elementor-top-column elementor-element elementor-element-fdf9874\" data-id=\"fdf9874\" data-element_type=\"column\">\n\t\t\t<div class=\"elementor-column-wrap elementor-element-populated\">\n\t\t\t\t\t\t\t<div class=\"elementor-widget-wrap\">\n\t\t\t\t\t\t<div class=\"elementor-element elementor-element-05d5caa elementor-widget elementor-widget-spacer\" data-id=\"05d5caa\" data-element_type=\"widget\" data-widget_type=\"spacer.default\">\n\t\t\t\t<div class=\"elementor-widget-container\">\n\t\t\t\t\t<div class=\"elementor-spacer\">\n\t\t\t<div class=\"elementor-spacer-inner\"><\/div>\n\t\t<\/div>\n\t\t\t\t<\/div>\n\t\t\t\t<\/div>\n\t\t\t\t\t\t<\/div>\n\t\t\t\t\t<\/div>\n\t\t<\/div>\n\t\t\t\t\t\t\t\t<\/div>\n\t\t\t\t\t<\/div>\n\t\t<\/section>\n\t\t\t\t<section class=\"elementor-section elementor-top-section elementor-element elementor-element-cd209ac elementor-section-boxed elementor-section-height-default elementor-section-height-default\" data-id=\"cd209ac\" data-element_type=\"section\">\n\t\t\t\t\t\t<div class=\"elementor-container elementor-column-gap-default\">\n\t\t\t\t\t\t\t<div class=\"elementor-row\">\n\t\t\t\t\t<div class=\"elementor-column elementor-col-100 elementor-top-column elementor-element elementor-element-add5665\" data-id=\"add5665\" data-element_type=\"column\">\n\t\t\t<div class=\"elementor-column-wrap elementor-element-populated\">\n\t\t\t\t\t\t\t<div class=\"elementor-widget-wrap\">\n\t\t\t\t\t\t<div class=\"elementor-element elementor-element-d2e5ac9 elementor-widget elementor-widget-text-editor\" data-id=\"d2e5ac9\" data-element_type=\"widget\" data-widget_type=\"text-editor.default\">\n\t\t\t\t<div class=\"elementor-widget-container\">\n\t\t\t\t\t<div class=\"elementor-text-editor elementor-clearfix\"><p style=\"text-align: justify;\">El Programa Gabriela Mistral (PGM) Usach, de\u00a0preparaci\u00f3n y acceso de estudiantes de ense\u00f1anza media para continuar estudios\u00a0de Pedagog\u00eda en la Educaci\u00f3n Superior, est\u00e1 dirigido a estudiantes de tercero a\u00f1o de ense\u00f1anza media y su objetivo es desarrollar habilidades que faciliten su ingreso a la Universidad.<\/p><p style=\"text-align: justify;\">As\u00ed, los egresados del Programa Gabriela Mistral podr\u00e1n ingresar a una carrera universitaria de Pedagog\u00eda, en cumplimiento con uno de los requisitos de la Ley 20.903 del Sistema de Desarrollo Profesional Docente asociado a haber realizado y aprobado un programa de preparaci\u00f3n y acceso de estudiantes para continuar estudios de pedagog\u00eda.<\/p><p>Los estudiantes interesados en postular, deben cumplir ciertos requisitos. Primero, deben inscribirse en el siguiente <a href=\"https:\/\/forms.gle\/HEN7xj5fCrYnSuPc6\" target=\"_blank\" rel=\"noopener\">link<\/a><\/p><p style=\"text-align: justify;\"><strong>Requisitos:<\/strong><\/p><p dir=\"ltr\" role=\"presentation\">1. Acreditar un buen desempe\u00f1o acad\u00e9mico en alguna disciplina de inter\u00e9s para lo cual deben enviar el \u201cDocumento Rendimiento acad\u00e9mico en asignatura de inter\u00e9s\u201d<a href=\"http:\/\/soyprofesorusach.usach.cl\/ped\/wp-content\/uploads\/2022\/03\/Doc.1.-Descargue-el-formulario-antes.-_Documento-Rendimiento-Acad%C3%A9mico_.-docx.docx\" target=\"_blank\" rel=\"noopener\" data-saferedirecturl=\"https:\/\/www.google.com\/url?q=http:\/\/soyprofesorusach.usach.cl\/ped\/wp-content\/uploads\/2022\/03\/Doc.1.-Descargue-el-formulario-antes.-_Documento-Rendimiento-Acad%25C3%25A9mico_.-docx.docx&amp;source=gmail&amp;ust=1649770965172000&amp;usg=AOvVaw2c6TcdfWGX3zGdqM3wLQNF\">\u00a0(Documento)<\/a>\u00a0y adjuntar sus\u00a0<a href=\"https:\/\/certificados.mineduc.cl\/certificados-web\/mvc\/home\/index\" target=\"_blank\" rel=\"noopener\" data-saferedirecturl=\"https:\/\/www.google.com\/url?q=https:\/\/certificados.mineduc.cl\/certificados-web\/mvc\/home\/index&amp;source=gmail&amp;ust=1649770965172000&amp;usg=AOvVaw1KvA35pMUBqrdtwc47mywK\">Certificados de Estudios\u00a0<\/a>correspondientes a 1\u00b0 y 2\u00b0 a\u00f1o medio.<\/p><p dir=\"ltr\" role=\"presentation\">2. Elaborar un breve video sobre una \u201ctem\u00e1tica socio-cient\u00edfica\u201d de su inter\u00e9s, para lo cual se adjuntan instrucciones<a href=\"http:\/\/soyprofesorusach.usach.cl\/ped\/wp-content\/uploads\/2022\/03\/Doc.2-Indicaciones-Video-tem%C3%A1tica-sociocient%C3%ADfica.docx\" target=\"_blank\" rel=\"noopener\" data-saferedirecturl=\"https:\/\/www.google.com\/url?q=http:\/\/soyprofesorusach.usach.cl\/ped\/wp-content\/uploads\/2022\/03\/Doc.2-Indicaciones-Video-tem%25C3%25A1tica-sociocient%25C3%25ADfica.docx&amp;source=gmail&amp;ust=1649770965172000&amp;usg=AOvVaw2SOvRVQIsgQHqjpk8l6NxS\">\u00a0(Documento)<\/a><\/p><p dir=\"ltr\" role=\"presentation\">3. Presentar una \u201ccarta de inter\u00e9s\u201d del estudiante para participar en el Programa<a href=\"http:\/\/soyprofesorusach.usach.cl\/ped\/wp-content\/uploads\/2022\/03\/Doc.-3.-Carta-de-inter%C3%A9s-20.docx\" target=\"_blank\" rel=\"noopener\" data-saferedirecturl=\"https:\/\/www.google.com\/url?q=http:\/\/soyprofesorusach.usach.cl\/ped\/wp-content\/uploads\/2022\/03\/Doc.-3.-Carta-de-inter%25C3%25A9s-20.docx&amp;source=gmail&amp;ust=1649770965172000&amp;usg=AOvVaw2WndwBxds3RkJYiKYZ0MX8\">\u00a0(Documento)<\/a><\/p><p dir=\"ltr\" role=\"presentation\">4. Presentar un \u201ccuestionario de recomendaci\u00f3n\u201d de alg\u00fan profesor o profesora<a href=\"http:\/\/soyprofesorusach.usach.cl\/ped\/wp-content\/uploads\/2022\/03\/Doc.-4.-Recomendaci%C3%B3n-de-profesora.-No-olvide-descargar-primero-el-documento.-.docx\" target=\"_blank\" rel=\"noopener\" data-saferedirecturl=\"https:\/\/www.google.com\/url?q=http:\/\/soyprofesorusach.usach.cl\/ped\/wp-content\/uploads\/2022\/03\/Doc.-4.-Recomendaci%25C3%25B3n-de-profesora.-No-olvide-descargar-primero-el-documento.-.docx&amp;source=gmail&amp;ust=1649770965172000&amp;usg=AOvVaw0l2le1ThZG2gg2WaewvVIF\">\u00a0(Documento)<\/a>.<\/p><p>5. Responder v\u00eda online un test sobre motivaci\u00f3n y creencias docentes.<a href=\"https:\/\/docs.google.com\/forms\/d\/e\/1FAIpQLSf8kDJzELKodnKREbGaOu0-ajFF2gr4ttokYYdJVlb9yjYXCQ\/viewform\" target=\"_blank\" rel=\"noopener\" data-saferedirecturl=\"https:\/\/www.google.com\/url?q=https:\/\/docs.google.com\/forms\/d\/e\/1FAIpQLSf8kDJzELKodnKREbGaOu0-ajFF2gr4ttokYYdJVlb9yjYXCQ\/viewform&amp;source=gmail&amp;ust=1649770965172000&amp;usg=AOvVaw0xoV-Z1bL-KBLx51O3hdT0\">\u00a0Responder el cuestionario<\/a><\/p><p style=\"text-align: justify;\">Las y los interesados deben descargar los formatos de postulaci\u00f3n y as\u00ed enviar la documentaci\u00f3n a\u00a0<strong>fid.usach@usach.cl<\/strong> con el asunto \u201cPostulaci\u00f3n PGM\u201d <b>plazo extendido hasta el 22 de mayo del 2022<\/b>. El inicio de las actividades est\u00e1 planificado para mediados del mes de abril de 2021.<\/p><\/div>\n\t\t\t\t<\/div>\n\t\t\t\t<\/div>\n\t\t\t\t\t\t<\/div>\n\t\t\t\t\t<\/div>\n\t\t<\/div>\n\t\t\t\t\t\t\t\t<\/div>\n\t\t\t\t\t<\/div>\n\t\t<\/section>\n\t\t\t\t<section class=\"elementor-section elementor-top-section elementor-element elementor-element-fedcc3c elementor-section-boxed elementor-section-height-default elementor-section-height-default\" data-id=\"fedcc3c\" data-element_type=\"section\">\n\t\t\t\t\t\t<div class=\"elementor-container elementor-column-gap-default\">\n\t\t\t\t\t\t\t<div class=\"elementor-row\">\n\t\t\t\t\t<div class=\"elementor-column elementor-col-100 elementor-top-column elementor-element elementor-element-20e466b\" data-id=\"20e466b\" data-element_type=\"column\">\n\t\t\t<div class=\"elementor-column-wrap elementor-element-populated\">\n\t\t\t\t\t\t\t<div class=\"elementor-widget-wrap\">\n\t\t\t\t\t\t<div class=\"elementor-element elementor-element-7f00cb7 elementor-widget elementor-widget-image\" data-id=\"7f00cb7\" data-element_type=\"widget\" data-widget_type=\"image.default\">\n\t\t\t\t<div class=\"elementor-widget-container\">\n\t\t\t\t\t<div class=\"elementor-image\">\n\t\t\t\t\t\t\t\t\t\t<img loading=\"lazy\" decoding=\"async\" width=\"704\" height=\"1024\" src=\"https:\/\/soyprofesor.usach.cl\/ped\/wp-content\/uploads\/2022\/04\/PGM-Mayo-704x1024.jpg\" class=\"attachment-large size-large\" alt=\"\" srcset=\"https:\/\/soyprofesor.usach.cl\/ped\/wp-content\/uploads\/2022\/04\/PGM-Mayo-704x1024.jpg 704w, https:\/\/soyprofesor.usach.cl\/ped\/wp-content\/uploads\/2022\/04\/PGM-Mayo-206x300.jpg 206w, https:\/\/soyprofesor.usach.cl\/ped\/wp-content\/uploads\/2022\/04\/PGM-Mayo-768x1117.jpg 768w, https:\/\/soyprofesor.usach.cl\/ped\/wp-content\/uploads\/2022\/04\/PGM-Mayo.jpg 1949w\" sizes=\"(max-width: 704px) 100vw, 704px\" \/>\t\t\t\t\t\t\t\t\t\t\t<\/div>\n\t\t\t\t<\/div>\n\t\t\t\t<\/div>\n\t\t\t\t\t\t<\/div>\n\t\t\t\t\t<\/div>\n\t\t<\/div>\n\t\t\t\t\t\t\t\t<\/div>\n\t\t\t\t\t<\/div>\n\t\t<\/section>\n\t\t\t\t\t\t<\/div>\n\t\t\t\t\t\t<\/div>\n\t\t\t\t\t<\/div>\n\t\t","protected":false},"excerpt":{"rendered":"<p>http:\/\/soyprofesorusach.usach.cl\/ped\/wp-content\/uploads\/2022\/04\/PGM_1_ACC.mp4http:\/\/soyprofesorusach.usach.cl\/ped\/wp-content\/uploads\/2022\/04\/PGM_2_ACC.mp4http:\/\/soyprofesorusach.usach.cl\/ped\/wp-content\/uploads\/2022\/04\/PGM_TUTORIAL_LSCH_FINAL-1.mp4 El Programa Gabriela Mistral (PGM) Usach, de\u00a0preparaci\u00f3n y acceso de estudiantes de ense\u00f1anza media para continuar estudios\u00a0de Pedagog\u00eda en la Educaci\u00f3n Superior, est\u00e1 dirigido a estudiantes de tercero a\u00f1o de ense\u00f1anza media y su objetivo es desarrollar habilidades que faciliten su ingreso a la Universidad. As\u00ed, los egresados del Programa Gabriela Mistral podr\u00e1n ingresar [&hellip;]<\/p>\n","protected":false},"author":1,"featured_media":0,"parent":0,"menu_order":8,"comment_status":"closed","ping_status":"closed","template":"","meta":{"footnotes":""},"_links":{"self":[{"href":"https:\/\/soyprofesor.usach.cl\/ped\/wp-json\/wp\/v2\/pages\/1555"}],"collection":[{"href":"https:\/\/soyprofesor.usach.cl\/ped\/wp-json\/wp\/v2\/pages"}],"about":[{"href":"https:\/\/soyprofesor.usach.cl\/ped\/wp-json\/wp\/v2\/types\/page"}],"author":[{"embeddable":true,"href":"https:\/\/soyprofesor.usach.cl\/ped\/wp-json\/wp\/v2\/users\/1"}],"replies":[{"embeddable":true,"href":"https:\/\/soyprofesor.usach.cl\/ped\/wp-json\/wp\/v2\/comments?post=1555"}],"version-history":[{"count":65,"href":"https:\/\/soyprofesor.usach.cl\/ped\/wp-json\/wp\/v2\/pages\/1555\/revisions"}],"predecessor-version":[{"id":2060,"href":"https:\/\/soyprofesor.usach.cl\/ped\/wp-json\/wp\/v2\/pages\/1555\/revisions\/2060"}],"wp:attachment":[{"href":"https:\/\/soyprofesor.usach.cl\/ped\/wp-json\/wp\/v2\/media?parent=1555"}],"curies":[{"name":"wp","href":"https:\/\/api.w.org\/{rel}","templated":true}]}}